{"id":1322,"date":"2016-03-19T20:34:04","date_gmt":"2016-03-19T18:34:04","guid":{"rendered":"http:\/\/basenji.ee\/?page_id=1322"},"modified":"2025-08-26T14:04:06","modified_gmt":"2025-08-26T11:04:06","slug":"pealeht","status":"publish","type":"page","link":"https:\/\/basenji.ee\/","title":{"rendered":"Pealeht"},"content":{"rendered":"<h2>\u00a0<\/h2>\n<h2 style=\"text-align: center;\"><span style=\"color: #0000ff;\">Basenjide Erin\u00e4itus 23.08.2025<br \/><\/span><\/h2>\n<p>Olete k\u00f5ik oodatud Basenjide erin\u00e4itusele laup\u00e4eval 23.08.2025 kell 12.00.<br \/>Erin\u00e4itus leiab aset Luige N\u00e4itusev\u00e4ljakul.<\/p>\n<p>T\u00e4psem info leitav<a href=\"http:\/\/basenji.ee\/wp-content\/uploads\/2025\/08\/erika-ajakava.jpg\"> siit<\/a><\/p>\n<p><a href=\"http:\/\/basenji.ee\/wp-content\/uploads\/2025\/08\/Basenji-kataloog-2025.pdf\">Erin\u00e4ituse kataloog<\/a><\/p>\n<h2>\u00a0<\/h2>\n<h2 style=\"text-align: center;\"><span style=\"color: #0000ff;\">\u00a0Estonian Basenji Specialty 23.08.2025<\/span><\/h2>\n<p data-start=\"39\" data-end=\"154\">You are all warmly welcome to the Basenji Specialty Show on Saturday 23rd of Augus, 2025, held in Luige, Harjumaa and starting from 12 pm.<\/p>\n<p>More information <a href=\"http:\/\/basenji.ee\/wp-content\/uploads\/2025\/08\/erika-ajakava.jpg\">here<\/a><\/p>\n<p><a href=\"http:\/\/basenji.ee\/wp-content\/uploads\/2025\/08\/Basenji-kataloog-2025.pdf\">Specialty Catalogue<\/a><\/p>\n<hr \/>\n<h2>\u00a0<\/h2>\n<h2 style=\"text-align: center;\"><span style=\"color: #0000ff;\"><span lang=\"ET\">A<\/span>ASTA BASENJI 20<span lang=\"ET\">24<\/span>\u00a0konkursi tulemused<\/span><\/h2>\n<h3 style=\"text-align: center;\">Konkursi tulemustega saab tutvuda <a href=\"http:\/\/basenji.ee\/?page_id=2962\">siin<\/a><\/h3>\n<hr \/>\n<h2>\u00a0<\/h2>\n<h2 style=\"text-align: center;\"><span style=\"color: #0000ff;\"><strong>Basenjihuvilise meelespea<\/strong><strong>\u00a0<\/strong><\/span><\/h2>\n<h4 style=\"text-align: center;\">Mida peaks teadma iga pere, kes soovib endale basenjit v\u00f5tta ?<\/h4>\n<p style=\"text-align: left;\">1) Oluline on koera p\u00f5lvnemine &#8211; usaldusv\u00e4\u00e4rse kasvataja kutsikad tulevad koos t\u00f5utunnistusega. See on koera dokument ning ilma selleta pole tegu puhtat\u00f5ulise koeraga ning tema p\u00f5lvnemist pole v\u00f5imalik t\u00f5estada. Ilma t\u00f5utunnistuseta ei saa koer osaleda ei n\u00e4itustel ega jooksuv\u00f5istlustel. Vastutustundlikule kasvatajale, kelle pesakond vastab k\u00f5igile Eesti Kennelliidu n\u00f5uetele, ei ole t\u00f5utunnistuse saamine raske ega kallis.<\/p>\n<p style=\"text-align: left;\">2) Kuigi basenji on \u00fcldiselt terve ja pikaealine t\u00f5ug, siis ka neil esineb geneetilisi haigusi, mida saab kasvataja v\u00e4ltida kasutades aretuses vaid testituid ning kokku sobivaid vanemaid. Koertest hooliv kasvataja hoolitseb selle eest, et kutsikate emal ja isal on tehtud elementaarsed terviseuuringud: DNA testid + silmade\/kilpn\u00e4\u00e4rme hormoonide kontroll. (loe t\u00e4psemalt <a href=\"http:\/\/basenji.ee\/?page_id=88&amp;lang=et\">siin)<\/a>.<br \/>Fanconi s\u00fcndroomile (neerude alatalitlus) <u>EI OLE RAVI!<\/u><\/p>\n<p style=\"text-align: left;\">3) Usaldusv\u00e4\u00e4rne kasvataja lubab teid oma koju kutsikaid vaatama, lubab teil n\u00e4ha ka kutsika ema ja annab teile pesakonna kohta infot.\u00a0Terve n\u00e4rvikava ja hea iseloomuga emaskoer v\u00f5tab k\u00fclalisi vastu viisakalt.<\/p>\n<p style=\"text-align: left;\">4) Hooletussej\u00e4etud basenji muutub kodus kiiresti \u00fcsna destruktiivseks. Seet\u00f5ttu tasub seda t\u00f5ugu koera v\u00f5ttes alati l\u00e4bi m\u00f5elda, kas temaga on v\u00f5imalik piisavalt palju aega koos veeta.\u00a0Kogemustega kasvataja oskab anda teile n\u00f5u, kas antud t\u00f5ug sobib teie pere igap\u00e4evaeluga.<\/p>\n<p style=\"text-align: left;\">5) Basenjil on tugevad instinktid jahiks ja elluj\u00e4\u00e4miseks, kuid sageli need kahjuks ei sobi meie elukeskkonda \u2013 pead arvestama, et jahikoerana v\u00f5ib ta metsas kaduda jahile ja linnas asuda j\u00e4litama m\u00f6\u00f6duvat autot. Sellest tulenevalt saab v\u00e4heseid basenjisid rihmata jalutada.<\/p>\n<p style=\"text-align: left;\">6) Basenji on v\u00e4ga intelligentne koer, kuid tema intelligentsus ei t\u00e4henda tingimata kuulekust.<\/p>\n<p style=\"text-align: left;\">7) Basenjid ei haugu koerale iseloomulikul viisil. Nad v\u00f5ivad kuuldavale tuua \u00fcksiku haugatuse, kui olukord n\u00f5uab, aga see on ka k\u00f5ik. Samas on neil v\u00e4ga iseloomulik \u201ebasenji keel\u201c &#8211; see v\u00f5ib olla ka v\u00e4ga vali! Seega: ei haugu \u2260 vaikne koer!<\/p>\n<h4>\u00a0<\/h4>\n<h4 style=\"text-align: left;\">Miks v\u00f5tta basenji?<\/h4>\n<p style=\"text-align: left;\">Sest basenji on<\/p>\n<ul style=\"text-align: left;\">\n<li>nutikas ja intelligentne koer,<\/li>\n<li>uudishimulik ja loov,<\/li>\n<li>sportlik, tugev ja kiire.<\/li>\n<\/ul>\n<p style=\"text-align: left;\">See k\u00f5ik teeb temast suurep\u00e4rase sport- ja jahikoera.<\/p>\n<p style=\"text-align: left;\">Basenji on<\/p>\n<ul style=\"text-align: left;\">\n<li>elegantne, t\u00e4iuslikult proportsioonis,<\/li>\n<li>ta on elav ja t\u00e4helepanelik,<\/li>\n<li>ta liikumine on kena ja voolav.<\/li>\n<\/ul>\n<p style=\"text-align: left;\">See k\u00f5ik teeb temast imelise n\u00e4itusekoera.<\/p>\n<p style=\"text-align: left;\">Basenjile meeldib<\/p>\n<ul style=\"text-align: left;\">\n<li>olla oma pere l\u00e4hedal,<\/li>\n<li>teha seda, mida sinagi teed (s\u00fc\u00fca head toitu, pikutada diivanil, m\u00f5nuleda kamina ees, seigelda looduses v\u00f5i teha metsajooksu),<\/li>\n<li>Hoolitseda selle eest, et sul poleks igav.<\/li>\n<\/ul>\n<p style=\"text-align: left;\">See k\u00f5ik teeb temast vahva perekoera, kuid mitte iga\u00fchele!<\/p>\n<h5 style=\"text-align: left;\">Kui oled veendunud et basenji on sinu jaoks see \u00d5IGE t\u00f5ug siis palun hangi oma kutsikas\u00a0 VAID korralikult kasvatajalt, kes ei tegele vastutustundetu paljundamisega.<\/h5>\n<hr \/>\n<h4 style=\"text-align: center;\">\u00a0<\/h4>\n\n\n<p><\/p>\n","protected":false},"excerpt":{"rendered":"<p>\u00a0 Basenjide Erin\u00e4itus 23.08.2025 Olete k\u00f5ik oodatud Basenjide erin\u00e4itusele laup\u00e4eval 23.08.2025 kell 12.00.Erin\u00e4itus leiab aset Luige N\u00e4itusev\u00e4ljakul. T\u00e4psem info leitav siit Erin\u00e4ituse kataloog \u00a0 \u00a0Estonian Basenji Specialty 23.08.2025 You are all warmly welcome to the Basenji Specialty Show on Saturday &hellip; <a class=\"kt-excerpt-readmore\" href=\"https:\/\/basenji.ee\/\" aria-label=\"Pealeht\">Read More<\/a><\/p>\n","protected":false},"author":1,"featured_media":0,"parent":0,"menu_order":0,"comment_status":"closed","ping_status":"open","template":"","meta":{"footnotes":""},"class_list":["post-1322","page","type-page","status-publish","hentry"],"_links":{"self":[{"href":"https:\/\/basenji.ee\/index.php?rest_route=\/wp\/v2\/pages\/1322","targetHints":{"allow":["GET"]}}],"collection":[{"href":"https:\/\/basenji.ee\/index.php?rest_route=\/wp\/v2\/pages"}],"about":[{"href":"https:\/\/basenji.ee\/index.php?rest_route=\/wp\/v2\/types\/page"}],"author":[{"embeddable":true,"href":"https:\/\/basenji.ee\/index.php?rest_route=\/wp\/v2\/users\/1"}],"replies":[{"embeddable":true,"href":"https:\/\/basenji.ee\/index.php?rest_route=%2Fwp%2Fv2%2Fcomments&post=1322"}],"version-history":[{"count":5,"href":"https:\/\/basenji.ee\/index.php?rest_route=\/wp\/v2\/pages\/1322\/revisions"}],"predecessor-version":[{"id":2971,"href":"https:\/\/basenji.ee\/index.php?rest_route=\/wp\/v2\/pages\/1322\/revisions\/2971"}],"wp:attachment":[{"href":"https:\/\/basenji.ee\/index.php?rest_route=%2Fwp%2Fv2%2Fmedia&parent=1322"}],"curies":[{"name":"wp","href":"https:\/\/api.w.org\/{rel}","templated":true}]}}